{"id":22,"date":"2012-10-25T04:03:18","date_gmt":"2012-10-25T04:03:18","guid":{"rendered":"http:\/\/artemoc.scicog.fr\/?page_id=22"},"modified":"2018-01-29T23:31:00","modified_gmt":"2018-01-29T23:31:00","slug":"ressources","status":"publish","type":"page","link":"https:\/\/artemoc.scicog.fr\/?page_id=22","title":{"rendered":"Ressources"},"content":{"rendered":"<div style=\"font-size: 18px;\">\n<p>Rapport <a href=\"http:\/\/pirstec.scicog.fr\">PIRSTEC<\/a>\u00a0: Dumas, Gonz\u00e1lez, Lehmann,<em> Recherche transdisciplinaire sur les hallucinations et autres \u00e9tats modifi\u00e9s de conscience<\/em> (2009). [<a href=\"http:\/\/artemoc.scicog.fr\/wp-content\/uploads\/ressources\/Rapport_PIRSTEC.pdf\">T\u00e9l\u00e9charger le PDF<\/a>]<\/p>\n<p>Num\u00e9ro sp\u00e9cial d\u2019<em>Intellectica\u00a0<\/em>: Dumas, Fortier, Gonz\u00e1lez (\u00e9ds.), <em>Les \u00e9tats modifi\u00e9s de conscience en question\u00a0: anciennes limites et nouvelles approches<\/em> (2017). [<a href=\"http:\/\/intellectica.org\/fr\/numeros\/les-etats-modifies-de-conscience-en-question-anciennes-limites-et-nouvelles-approches\">Acc\u00e9der au num\u00e9ro<\/a>]<\/p>\n<\/div>\n","protected":false},"excerpt":{"rendered":"<p>Rapport PIRSTEC\u00a0: Dumas, Gonz\u00e1lez, Lehmann, Recherche transdisciplinaire sur les hallucinations et autres \u00e9tats modifi\u00e9s de conscience (2009). [T\u00e9l\u00e9charger le PDF] Num\u00e9ro sp\u00e9cial d\u2019Intellectica\u00a0: Dumas, Fortier,&#8230;<\/p>\n","protected":false},"author":1,"featured_media":0,"parent":0,"menu_order":0,"comment_status":"closed","ping_status":"open","template":"page-template-fullwidth.php","meta":{"spay_email":""},"jetpack_sharing_enabled":true,"jetpack_shortlink":"https:\/\/wp.me\/P7QpIM-m","jetpack-related-posts":[{"id":2,"url":"https:\/\/artemoc.scicog.fr\/","url_meta":{"origin":22,"position":0},"title":"Bienvenue sur la page de l'ARTEMOC","date":"25\/10\/2012","format":false,"excerpt":"Les \u00e9tats modifi\u00e9s de conscience (EMCs) ont depuis longtemps intrigu\u00e9 philosophes, chercheurs en sciences sociales et scientifiques. La connaissance que nous avons aujourd\u2019hui de ces \u00e9tats reste pourtant tr\u00e8s lacunaire et beaucoup des \u00e9tudes et des th\u00e9ories qui leur sont consacr\u00e9es sont m\u00e9thodologiquement insatisfaisantes et versent souvent dans le paranormal\u2026","rel":"","context":"Similar post","img":{"alt_text":"","src":"","width":0,"height":0},"classes":[]},{"id":47,"url":"https:\/\/artemoc.scicog.fr\/?page_id=47","url_meta":{"origin":22,"position":1},"title":"Colloque 2009","date":"25\/10\/2012","format":false,"excerpt":"Pr\u00e9sentation Pour cette deuxi\u00e8me \u00e9dition du Colloque de printemps sur les hallucinations et les \u00e9tats modifi\u00e9s de conscience (Paris, 8-11 avril 2009), nous avons con\u00e7u un programme qui capitalise les efforts et les r\u00e9sultats des manifestations pr\u00e9c\u00e9dentes, mais qui ouvre aussi sur de nouveaux champs de recherche concernant les \u00e9tats\u2026","rel":"","context":"Similar post","img":{"alt_text":"","src":"","width":0,"height":0},"classes":[]},{"id":236,"url":"https:\/\/artemoc.scicog.fr\/?page_id=236","url_meta":{"origin":22,"position":2},"title":"Colloque 2008","date":"04\/11\/2012","format":false,"excerpt":"Pr\u00e9sentation Le 1er Colloque de Printemps sur les Hallucinations dans la Philosophie et les Sciences Cognitives s'est tenu du 26 au 29\u00a0 mars 2008, \u00e0\u00a0 Paris. Ce fut un effort collectif non subventionn\u00e9, qui a pu avoir lieu gr\u00e2ce au travail\u00a0 b\u00e9n\u00e9vole de plusieurs volontaires et institutions. Le programme a\u2026","rel":"","context":"Similar post","img":{"alt_text":"","src":"https:\/\/i1.wp.com\/artemoc.scicog.fr\/wp-content\/uploads\/2012\/11\/Colloque2008.jpg?resize=350%2C200","width":350,"height":200},"classes":[]},{"id":531,"url":"https:\/\/artemoc.scicog.fr\/?page_id=531","url_meta":{"origin":22,"position":3},"title":"Atelier 2016","date":"29\/01\/2018","format":false,"excerpt":"Mardi 13 septembre, ARTEMOC fait sa rentr\u00e9e avec une Journ\u00e9e d'\u00c9tudes \u00e0 l'\u00c9cole Normale Sup\u00e9rieure organis\u00e9e par Juan Gonzalez, David Dupuis, Rapha\u00ebl Milli\u00e8re, Guillaume Dumas et Martin Fortier 9h-13h (s\u00e9ance ferm\u00e9e): Rencontre des membres de l'associaton et expos\u00e9 d\u2019int\u00e9r\u00eats\/travaux individuels. 13h-14h30: D\u00e9jeuner 14h30-16h (s\u00e9ance ouverte): Table Ronde: \u201cPerception et hallucination:\u2026","rel":"","context":"Similar post","img":{"alt_text":"","src":"","width":0,"height":0},"classes":[]},{"id":536,"url":"https:\/\/artemoc.scicog.fr\/?page_id=536","url_meta":{"origin":22,"position":4},"title":"Archive - Pr\u00e9sentation ARTEMOC","date":"29\/01\/2018","format":false,"excerpt":"Pr\u00e9sentation ARTEMOC est une association fond\u00e9e en 2007, \u00e0 Paris, dans le but de porter un regard transdiciplinaire, critique et rigoureux sur les ph\u00e9nom\u00e8nes de modification de la conscience et de la cognition dites \u2018ordinaires\u2019. L\u2019association a donc naturellement r\u00e9uni au fils des ann\u00e9es des chercheurs et d\u2019autres personnes appartenant\u2026","rel":"","context":"Similar post","img":{"alt_text":"","src":"","width":0,"height":0},"classes":[]},{"id":413,"url":"https:\/\/artemoc.scicog.fr\/?page_id=413","url_meta":{"origin":22,"position":5},"title":"Colloque 2015","date":"02\/07\/2015","format":false,"excerpt":"Argument Le concept d\u2019hallucination et celui d\u2019\u00e9tat modifi\u00e9 de conscience sont utilis\u00e9s \u00e0 travers de nombreuses disciplines afin de d\u00e9signer un ensemble d\u2019exp\u00e9riences subjectives, de processus mentaux et de comportements auxquels se trouvent confront\u00e9s psychologues, psychiatres, neuroscientifiques, anthropologues ou encore philosophes. De nombreuses voix se sont toutefois \u00e9lev\u00e9es pour mettre\u2026","rel":"","context":"Similar post","img":{"alt_text":"","src":"https:\/\/i2.wp.com\/artemoc.scicog.fr\/wp-content\/uploads\/2015\/07\/Affiche_Colloque_ARTEMOC_2015_LD1-724x1024.jpg?resize=350%2C200","width":350,"height":200},"classes":[]}],"_links":{"self":[{"href":"https:\/\/artemoc.scicog.fr\/index.php?rest_route=\/wp\/v2\/pages\/22"}],"collection":[{"href":"https:\/\/artemoc.scicog.fr\/index.php?rest_route=\/wp\/v2\/pages"}],"about":[{"href":"https:\/\/artemoc.scicog.fr\/index.php?rest_route=\/wp\/v2\/types\/page"}],"author":[{"embeddable":true,"href":"https:\/\/artemoc.scicog.fr\/index.php?rest_route=\/wp\/v2\/users\/1"}],"replies":[{"embeddable":true,"href":"https:\/\/artemoc.scicog.fr\/index.php?rest_route=%2Fwp%2Fv2%2Fcomments&post=22"}],"version-history":[{"count":16,"href":"https:\/\/artemoc.scicog.fr\/index.php?rest_route=\/wp\/v2\/pages\/22\/revisions"}],"predecessor-version":[{"id":541,"href":"https:\/\/artemoc.scicog.fr\/index.php?rest_route=\/wp\/v2\/pages\/22\/revisions\/541"}],"wp:attachment":[{"href":"https:\/\/artemoc.scicog.fr\/index.php?rest_route=%2Fwp%2Fv2%2Fmedia&parent=22"}],"curies":[{"name":"wp","href":"https:\/\/api.w.org\/{rel}","templated":true}]}}

<div style="font-size: 18px;">
<p>Rapport <a href="http://pirstec.scicog.fr">PIRSTEC</a> : Dumas, González, Lehmann,<em> Recherche transdisciplinaire sur les hallucinations et autres états modifiés de conscience</em> (2009). [<a href="http://artemoc.scicog.fr/wp-content/uploads/ressources/Rapport_PIRSTEC.pdf">Télécharger le PDF</a>]</p>
<p>Numéro spécial d’<em>Intellectica </em>: Dumas, Fortier, González (éds.), <em>Les états modifiés de conscience en question : anciennes limites et nouvelles approches</em> (2017). [<a href="http://intellectica.org/fr/numeros/les-etats-modifies-de-conscience-en-question-anciennes-limites-et-nouvelles-approches">Accéder au numéro</a>]</p>
</div>

<p>Rapport PIRSTEC : Dumas, González, Lehmann, Recherche transdisciplinaire sur les hallucinations et autres états modifiés de conscience (2009). [Télécharger le PDF] Numéro spécial d’Intellectica : Dumas, Fortier,&#8230;</p>

Les états modifiés de conscience (EMCs) ont depuis longtemps intrigué philosophes, chercheurs en sciences sociales et scientifiques. La connaissance que nous avons aujourd’hui de ces états reste pourtant très lacunaire et beaucoup des études et des théories qui leur sont consacrées sont méthodologiquement insatisfaisantes et versent souvent dans le paranormal…

Présentation Pour cette deuxième édition du Colloque de printemps sur les hallucinations et les états modifiés de conscience (Paris, 8-11 avril 2009), nous avons conçu un programme qui capitalise les efforts et les résultats des manifestations précédentes, mais qui ouvre aussi sur de nouveaux champs de recherche concernant les états…

Présentation Le 1er Colloque de Printemps sur les Hallucinations dans la Philosophie et les Sciences Cognitives s'est tenu du 26 au 29  mars 2008, à  Paris. Ce fut un effort collectif non subventionné, qui a pu avoir lieu grâce au travail  bénévole de plusieurs volontaires et institutions. Le programme a…

Mardi 13 septembre, ARTEMOC fait sa rentrée avec une Journée d'Études à l'École Normale Supérieure organisée par Juan Gonzalez, David Dupuis, Raphaël Millière, Guillaume Dumas et Martin Fortier 9h-13h (séance fermée): Rencontre des membres de l'associaton et exposé d’intérêts/travaux individuels. 13h-14h30: Déjeuner 14h30-16h (séance ouverte): Table Ronde: “Perception et hallucination:…

Archive - Présentation ARTEMOC

Présentation ARTEMOC est une association fondée en 2007, à Paris, dans le but de porter un regard transdiciplinaire, critique et rigoureux sur les phénomènes de modification de la conscience et de la cognition dites ‘ordinaires’. L’association a donc naturellement réuni au fils des années des chercheurs et d’autres personnes appartenant…

Argument Le concept d’hallucination et celui d’état modifié de conscience sont utilisés à travers de nombreuses disciplines afin de désigner un ensemble d’expériences subjectives, de processus mentaux et de comportements auxquels se trouvent confrontés psychologues, psychiatres, neuroscientifiques, anthropologues ou encore philosophes. De nombreuses voix se sont toutefois élevées pour mettre…
