{"id":14,"date":"2012-10-25T04:52:51","date_gmt":"2012-10-25T04:52:51","guid":{"rendered":"http:\/\/artemoc.scicog.fr\/?page_id=14"},"modified":"2012-11-04T23:20:33","modified_gmt":"2012-11-04T23:20:33","slug":"colloque-2007","status":"publish","type":"page","link":"https:\/\/artemoc.scicog.fr\/?page_id=14","title":{"rendered":"Ateliers 2007"},"content":{"rendered":"<h2>Pr\u00e9sentation<\/h2>\n<p>Les ateliers 2007 ont \u00e9t\u00e9 la continuation du s\u00e9minaire 2006, qui a abord\u00e9 l\u2019exp\u00e9rience hallucinatoire dans un contexte transdisciplinaire afin de :<br \/>\n1) mieux comprendre sa ph\u00e9nom\u00e9nologie concomitante pr\u00e9cise;<br \/>\n2) \u00e9valuer la validit\u00e9 des arguments \u00e9pist\u00e9mologiques et le bien-fond\u00e9 de certaines postures dans la Th\u00e9orie de la Perception;<br \/>\n3) dresser un \u00e9tat de l\u2019art concernant les \u00e9tudes empiriques s\u2019y rattachant;<br \/>\n4) se questionner sur nos conceptions de la nature de la connaissance et de la conscience dans la philosophie et les sciences (post)-modernes.<\/p>\n<h2><\/h2>\n<h2>Programme<\/h2>\n<table border=\"0\" cellpadding=\"0\">\n<tbody>\n<tr>\n<td>Date<\/td>\n<td>\u00a025 avril<\/td>\n<td>\u00a026 avril<\/td>\n<td>\u00a02 mai<\/td>\n<td>\u00a016 mai<\/td>\n<td>\u00a030 mai<\/td>\n<td>31 mai<\/td>\n<\/tr>\n<tr>\n<td>Salle<\/td>\n<td>D116<\/td>\n<td>D223<\/td>\n<td>D116<\/td>\n<td>\u00a0D116<\/td>\n<td>\u00a0D116<\/td>\n<td>D323<\/td>\n<\/tr>\n<tr>\n<td>\u00a0 9h15 &#8211; 11h<\/td>\n<td>\u00a0Juan Gonzalez<\/td>\n<td>Jan Kounen<\/td>\n<td>\u00a0Sandra Laugier<\/td>\n<td>\u00a0Alexandre Lehmann<\/td>\n<td>\u00a0Felix Hasler<\/td>\n<td>\u00a0Table Ronde<\/td>\n<\/tr>\n<tr>\n<td><\/td>\n<td>\u00a0\u201cSynth\u00e8se des r\u00e9sultats du s\u00e9minaire 2006\u201d<\/td>\n<td>\u00a0\u201cLe r\u00f4le des visions dans la m\u00e9decine traditionnelle Shipibo\u201d<\/td>\n<td>\u00a0\u201cErreurs, illusions et hallucinations : Austin et le langage de la perception&#8221;<\/td>\n<td>\u00a0\u201c\u00c9tat de la recherche psych\u00e9d\u00e9lique contemporaine en sciences cognitives\u201d<\/td>\n<td>\u00a0\u201cHallucinations, psychedelics and Neuroscience\u201d<\/td>\n<td>\u201cSciences empiriques\u00a0et hallucinations\u201d(Avec Felix Hasler, Edward Hubbard, Jean Petitot (sous r\u00e9serve), Jonathan Ponchin&#8230;)<\/td>\n<\/tr>\n<tr>\n<td>\u00a011h15 &#8211; 13h<\/td>\n<td>\u00a0Juan Gonzalez<\/td>\n<td>\u00a0Alexandre Lehmann<\/td>\n<td>\u00a0Rama Leclerc<\/td>\n<td>\u00a0Octavio Domont<\/td>\n<td>\u00a0Jonathan Ponchin<\/td>\n<td>\u00a0 Table Ronde<\/td>\n<\/tr>\n<tr>\n<td><\/td>\n<td>\u00a0\u201cVers une th\u00e9orie des hallucinations: questions pr\u00e9liminaires\u201d<\/td>\n<td>\u00a0\u201cArt visuel visionnaire, trance et rituels modernes\u201d<\/td>\n<td>\u00a0\u201cDes modes de socialisation \u00e0 travers les visions et les r\u00e8ves chez les Shipibo-Conibo d\u2019Amazonie p\u00e9ruvienne\u201d<\/td>\n<td>\u00a0\u201cPsycho pathologie des hallucinations\u201d<\/td>\n<td>\u00a0\u201cUn survol de la pharmacologie des hallucinog\u00e8nes\u201d<\/td>\n<td>\u00a0\u201cPhilosophie \u00a0\u00a0\u00a0\u00a0\u00a0\u00a0\u00a0\u00a0\u00a0\u00a0 et hallucinations\u201d(Avec J\u00e9r\u00f4me Dokic, Shaun Gallagher et Jes\u00fas Vega)<\/td>\n<\/tr>\n<tr>\n<td>pause d\u00e9jeuner<\/td>\n<td><\/td>\n<td><\/td>\n<td><\/td>\n<td><\/td>\n<td><\/td>\n<td><\/td>\n<\/tr>\n<tr>\n<td>\u00a015h &#8211; 16h45<\/td>\n<td>\u00a0Discussion collective<\/td>\n<td>\u00a0Laurence Caruana<\/td>\n<td>Fr\u00e9d\u00e9rick Bois-Mariage<\/td>\n<td>\u00a0Manuel Villaescusa<\/td>\n<td>\u00a0J\u00e9r\u00f4me Dokic<\/td>\n<td>\u00a0 Table Ronde(Salle S002)<\/td>\n<\/tr>\n<tr>\n<td><\/td>\n<td>\u00a0\u201cL\u2019\u00e9tat de l\u2019art en mati\u00e8re d\u2019hallucinations\u201d<\/td>\n<td>\u201cArt visionaire et hallucinations\u201d<\/td>\n<td>\u00a0\u201cInt\u00e9gration interdisciplinaire : le paradigme des visions figuratives communes avec l&#8217;ayahuasca et quelques autres substances\u201c<\/td>\n<td>\u00a0\u201cL\u00b4importance des visions dans le travail avec l\u00b4ayahuasca: cadres chamaniques, syncr\u00e9tiques et psico th\u00e9rapeutiques\u201d<\/td>\n<td>\u00a0\u201cOu bien&#8230; ou bien&#8230; La conception disjonctiviste de l&#8217;hallucination\u201d<\/td>\n<td>\u00a0\u201cReligion et hallucinations\u201d(Avec Alexandre Surrall\u00e9s, Rama Leclerc, Laetitia Merli)<\/td>\n<\/tr>\n<tr>\n<td>\u00a017h &#8211; 18h45<\/td>\n<td><\/td>\n<td><\/td>\n<td>\u00a0Juan Gonzalez<\/td>\n<td>\u00a0S\u00e9bastien Baud<\/td>\n<td>\u00a0Jes\u00fas Vega<\/td>\n<td>\u00a0Cl\u00f4ture<\/td>\n<\/tr>\n<tr>\n<td><\/td>\n<td><\/td>\n<td><\/td>\n<td>\u00a0 \u201cVers une th\u00e9orie des hallucinations: 1\u00e8re partie&#8221;<\/td>\n<td>\u201c La mesa quechua, une hallucination collective ?\u201d<\/td>\n<td>\u00a0 \u201cHallucination et perception\u201d<\/td>\n<td><\/td>\n<\/tr>\n<\/tbody>\n<\/table>\n<p>&nbsp;<\/p>\n","protected":false},"excerpt":{"rendered":"<p>Pr\u00e9sentation Les ateliers 2007 ont \u00e9t\u00e9 la continuation du s\u00e9minaire 2006, qui a abord\u00e9 l\u2019exp\u00e9rience hallucinatoire dans un contexte transdisciplinaire afin de : 1) mieux&#8230;<\/p>\n","protected":false},"author":1,"featured_media":0,"parent":12,"menu_order":0,"comment_status":"closed","ping_status":"open","template":"page-template-fullwidth.php","meta":{"spay_email":""},"jetpack_sharing_enabled":true,"jetpack_shortlink":"https:\/\/wp.me\/P7QpIM-e","jetpack-related-posts":[{"id":2,"url":"https:\/\/artemoc.scicog.fr\/","url_meta":{"origin":14,"position":0},"title":"Bienvenue sur la page de l'ARTEMOC","date":"25\/10\/2012","format":false,"excerpt":"Les \u00e9tats modifi\u00e9s de conscience (EMCs) ont depuis longtemps intrigu\u00e9 philosophes, chercheurs en sciences sociales et scientifiques. La connaissance que nous avons aujourd\u2019hui de ces \u00e9tats reste pourtant tr\u00e8s lacunaire et beaucoup des \u00e9tudes et des th\u00e9ories qui leur sont consacr\u00e9es sont m\u00e9thodologiquement insatisfaisantes et versent souvent dans le paranormal\u2026","rel":"","context":"Similar post","img":{"alt_text":"","src":"","width":0,"height":0},"classes":[]},{"id":536,"url":"https:\/\/artemoc.scicog.fr\/?page_id=536","url_meta":{"origin":14,"position":1},"title":"Archive - Pr\u00e9sentation ARTEMOC","date":"29\/01\/2018","format":false,"excerpt":"Pr\u00e9sentation ARTEMOC est une association fond\u00e9e en 2007, \u00e0 Paris, dans le but de porter un regard transdiciplinaire, critique et rigoureux sur les ph\u00e9nom\u00e8nes de modification de la conscience et de la cognition dites \u2018ordinaires\u2019. L\u2019association a donc naturellement r\u00e9uni au fils des ann\u00e9es des chercheurs et d\u2019autres personnes appartenant\u2026","rel":"","context":"Similar post","img":{"alt_text":"","src":"","width":0,"height":0},"classes":[]},{"id":12,"url":"https:\/\/artemoc.scicog.fr\/?page_id=12","url_meta":{"origin":14,"position":2},"title":"Ev\u00e8nements","date":"25\/10\/2012","format":false,"excerpt":"Ev\u00e8nements organis\u00e9s par l'ARTEMOC: S\u00e9minaire 2016 Colloque 2015 Colloque 2009 Colloque 2008 Ateliers 2007 \u00a0","rel":"","context":"Similar post","img":{"alt_text":"","src":"","width":0,"height":0},"classes":[]},{"id":47,"url":"https:\/\/artemoc.scicog.fr\/?page_id=47","url_meta":{"origin":14,"position":3},"title":"Colloque 2009","date":"25\/10\/2012","format":false,"excerpt":"Pr\u00e9sentation Pour cette deuxi\u00e8me \u00e9dition du Colloque de printemps sur les hallucinations et les \u00e9tats modifi\u00e9s de conscience (Paris, 8-11 avril 2009), nous avons con\u00e7u un programme qui capitalise les efforts et les r\u00e9sultats des manifestations pr\u00e9c\u00e9dentes, mais qui ouvre aussi sur de nouveaux champs de recherche concernant les \u00e9tats\u2026","rel":"","context":"Similar post","img":{"alt_text":"","src":"","width":0,"height":0},"classes":[]},{"id":413,"url":"https:\/\/artemoc.scicog.fr\/?page_id=413","url_meta":{"origin":14,"position":4},"title":"Colloque 2015","date":"02\/07\/2015","format":false,"excerpt":"Argument Le concept d\u2019hallucination et celui d\u2019\u00e9tat modifi\u00e9 de conscience sont utilis\u00e9s \u00e0 travers de nombreuses disciplines afin de d\u00e9signer un ensemble d\u2019exp\u00e9riences subjectives, de processus mentaux et de comportements auxquels se trouvent confront\u00e9s psychologues, psychiatres, neuroscientifiques, anthropologues ou encore philosophes. De nombreuses voix se sont toutefois \u00e9lev\u00e9es pour mettre\u2026","rel":"","context":"Similar post","img":{"alt_text":"","src":"https:\/\/i2.wp.com\/artemoc.scicog.fr\/wp-content\/uploads\/2015\/07\/Affiche_Colloque_ARTEMOC_2015_LD1-724x1024.jpg?resize=350%2C200","width":350,"height":200},"classes":[]},{"id":236,"url":"https:\/\/artemoc.scicog.fr\/?page_id=236","url_meta":{"origin":14,"position":5},"title":"Colloque 2008","date":"04\/11\/2012","format":false,"excerpt":"Pr\u00e9sentation Le 1er Colloque de Printemps sur les Hallucinations dans la Philosophie et les Sciences Cognitives s'est tenu du 26 au 29\u00a0 mars 2008, \u00e0\u00a0 Paris. Ce fut un effort collectif non subventionn\u00e9, qui a pu avoir lieu gr\u00e2ce au travail\u00a0 b\u00e9n\u00e9vole de plusieurs volontaires et institutions. Le programme a\u2026","rel":"","context":"Similar post","img":{"alt_text":"","src":"https:\/\/i1.wp.com\/artemoc.scicog.fr\/wp-content\/uploads\/2012\/11\/Colloque2008.jpg?resize=350%2C200","width":350,"height":200},"classes":[]}],"_links":{"self":[{"href":"https:\/\/artemoc.scicog.fr\/index.php?rest_route=\/wp\/v2\/pages\/14"}],"collection":[{"href":"https:\/\/artemoc.scicog.fr\/index.php?rest_route=\/wp\/v2\/pages"}],"about":[{"href":"https:\/\/artemoc.scicog.fr\/index.php?rest_route=\/wp\/v2\/types\/page"}],"author":[{"embeddable":true,"href":"https:\/\/artemoc.scicog.fr\/index.php?rest_route=\/wp\/v2\/users\/1"}],"replies":[{"embeddable":true,"href":"https:\/\/artemoc.scicog.fr\/index.php?rest_route=%2Fwp%2Fv2%2Fcomments&post=14"}],"version-history":[{"count":7,"href":"https:\/\/artemoc.scicog.fr\/index.php?rest_route=\/wp\/v2\/pages\/14\/revisions"}],"predecessor-version":[{"id":242,"href":"https:\/\/artemoc.scicog.fr\/index.php?rest_route=\/wp\/v2\/pages\/14\/revisions\/242"}],"up":[{"embeddable":true,"href":"https:\/\/artemoc.scicog.fr\/index.php?rest_route=\/wp\/v2\/pages\/12"}],"wp:attachment":[{"href":"https:\/\/artemoc.scicog.fr\/index.php?rest_route=%2Fwp%2Fv2%2Fmedia&parent=14"}],"curies":[{"name":"wp","href":"https:\/\/api.w.org\/{rel}","templated":true}]}}

<h2>Présentation</h2>
<p>Les ateliers 2007 ont été la continuation du séminaire 2006, qui a abordé l’expérience hallucinatoire dans un contexte transdisciplinaire afin de :<br />
1) mieux comprendre sa phénoménologie concomitante précise;<br />
2) évaluer la validité des arguments épistémologiques et le bien-fondé de certaines postures dans la Théorie de la Perception;<br />
3) dresser un état de l’art concernant les études empiriques s’y rattachant;<br />
4) se questionner sur nos conceptions de la nature de la connaissance et de la conscience dans la philosophie et les sciences (post)-modernes.</p>
<h2></h2>
<h2>Programme</h2>
<table border="0" cellpadding="0">
<tbody>
<tr>
<td>Date</td>
<td> 25 avril</td>
<td> 26 avril</td>
<td> 2 mai</td>
<td> 16 mai</td>
<td> 30 mai</td>
<td>31 mai</td>
</tr>
<tr>
<td>Salle</td>
<td>D116</td>
<td>D223</td>
<td>D116</td>
<td> D116</td>
<td> D116</td>
<td>D323</td>
</tr>
<tr>
<td>  9h15 &#8211; 11h</td>
<td> Juan Gonzalez</td>
<td>Jan Kounen</td>
<td> Sandra Laugier</td>
<td> Alexandre Lehmann</td>
<td> Felix Hasler</td>
<td> Table Ronde</td>
</tr>
<tr>
<td></td>
<td> “Synthèse des résultats du séminaire 2006”</td>
<td> “Le rôle des visions dans la médecine traditionnelle Shipibo”</td>
<td> “Erreurs, illusions et hallucinations : Austin et le langage de la perception&#8221;</td>
<td> “État de la recherche psychédélique contemporaine en sciences cognitives”</td>
<td> “Hallucinations, psychedelics and Neuroscience”</td>
<td>“Sciences empiriques et hallucinations”(Avec Felix Hasler, Edward Hubbard, Jean Petitot (sous réserve), Jonathan Ponchin&#8230;)</td>
</tr>
<tr>
<td> 11h15 &#8211; 13h</td>
<td> Juan Gonzalez</td>
<td> Alexandre Lehmann</td>
<td> Rama Leclerc</td>
<td> Octavio Domont</td>
<td> Jonathan Ponchin</td>
<td>  Table Ronde</td>
</tr>
<tr>
<td></td>
<td> “Vers une théorie des hallucinations: questions préliminaires”</td>
<td> “Art visuel visionnaire, trance et rituels modernes”</td>
<td> “Des modes de socialisation à travers les visions et les rèves chez les Shipibo-Conibo d’Amazonie péruvienne”</td>
<td> “Psycho pathologie des hallucinations”</td>
<td> “Un survol de la pharmacologie des hallucinogènes”</td>
<td> “Philosophie            et hallucinations”(Avec Jérôme Dokic, Shaun Gallagher et Jesús Vega)</td>
</tr>
<tr>
<td>pause déjeuner</td>
<td></td>
<td></td>
<td></td>
<td></td>
<td></td>
<td></td>
</tr>
<tr>
<td> 15h &#8211; 16h45</td>
<td> Discussion collective</td>
<td> Laurence Caruana</td>
<td>Frédérick Bois-Mariage</td>
<td> Manuel Villaescusa</td>
<td> Jérôme Dokic</td>
<td>  Table Ronde(Salle S002)</td>
</tr>
<tr>
<td></td>
<td> “L’état de l’art en matière d’hallucinations”</td>
<td>“Art visionaire et hallucinations”</td>
<td> “Intégration interdisciplinaire : le paradigme des visions figuratives communes avec l&#8217;ayahuasca et quelques autres substances“</td>
<td> “L´importance des visions dans le travail avec l´ayahuasca: cadres chamaniques, syncrétiques et psico thérapeutiques”</td>
<td> “Ou bien&#8230; ou bien&#8230; La conception disjonctiviste de l&#8217;hallucination”</td>
<td> “Religion et hallucinations”(Avec Alexandre Surrallés, Rama Leclerc, Laetitia Merli)</td>
</tr>
<tr>
<td> 17h &#8211; 18h45</td>
<td></td>
<td></td>
<td> Juan Gonzalez</td>
<td> Sébastien Baud</td>
<td> Jesús Vega</td>
<td> Clôture</td>
</tr>
<tr>
<td></td>
<td></td>
<td></td>
<td>  “Vers une théorie des hallucinations: 1ère partie&#8221;</td>
<td>“ La mesa quechua, une hallucination collective ?”</td>
<td>  “Hallucination et perception”</td>
<td></td>
</tr>
</tbody>
</table>
<p>&nbsp;</p>

<p>Présentation Les ateliers 2007 ont été la continuation du séminaire 2006, qui a abordé l’expérience hallucinatoire dans un contexte transdisciplinaire afin de : 1) mieux&#8230;</p>

Les états modifiés de conscience (EMCs) ont depuis longtemps intrigué philosophes, chercheurs en sciences sociales et scientifiques. La connaissance que nous avons aujourd’hui de ces états reste pourtant très lacunaire et beaucoup des études et des théories qui leur sont consacrées sont méthodologiquement insatisfaisantes et versent souvent dans le paranormal…

Archive - Présentation ARTEMOC

Présentation ARTEMOC est une association fondée en 2007, à Paris, dans le but de porter un regard transdiciplinaire, critique et rigoureux sur les phénomènes de modification de la conscience et de la cognition dites ‘ordinaires’. L’association a donc naturellement réuni au fils des années des chercheurs et d’autres personnes appartenant…

Evènements

Evènements organisés par l'ARTEMOC: Séminaire 2016 Colloque 2015 Colloque 2009 Colloque 2008 Ateliers 2007

Présentation Pour cette deuxième édition du Colloque de printemps sur les hallucinations et les états modifiés de conscience (Paris, 8-11 avril 2009), nous avons conçu un programme qui capitalise les efforts et les résultats des manifestations précédentes, mais qui ouvre aussi sur de nouveaux champs de recherche concernant les états…

Argument Le concept d’hallucination et celui d’état modifié de conscience sont utilisés à travers de nombreuses disciplines afin de désigner un ensemble d’expériences subjectives, de processus mentaux et de comportements auxquels se trouvent confrontés psychologues, psychiatres, neuroscientifiques, anthropologues ou encore philosophes. De nombreuses voix se sont toutefois élevées pour mettre…

Présentation Le 1er Colloque de Printemps sur les Hallucinations dans la Philosophie et les Sciences Cognitives s'est tenu du 26 au 29  mars 2008, à  Paris. Ce fut un effort collectif non subventionné, qui a pu avoir lieu grâce au travail  bénévole de plusieurs volontaires et institutions. Le programme a…
