{"id":12,"date":"2012-10-25T03:58:15","date_gmt":"2012-10-25T03:58:15","guid":{"rendered":"http:\/\/artemoc.scicog.fr\/?page_id=12"},"modified":"2018-01-29T23:38:35","modified_gmt":"2018-01-29T23:38:35","slug":"evenements","status":"publish","type":"page","link":"https:\/\/artemoc.scicog.fr\/?page_id=12","title":{"rendered":"Ev\u00e8nements"},"content":{"rendered":"<h2 style=\"text-align: left; padding-left: 30px;\">Ev\u00e8nements organis\u00e9s par l&#8217;ARTEMOC:<\/h2>\n<h1 style=\"text-align: center; padding-left: 60px;\"><a title=\"Atelier 2016\" href=\"http:\/\/artemoc.scicog.fr\/?page_id=531\">S\u00e9minaire 2016<\/a><\/h1>\n<h1 style=\"text-align: center; padding-left: 60px;\"><a title=\"Colloque 2015\" href=\"http:\/\/artemoc.scicog.fr\/?page_id=413\">Colloque 2015<\/a><\/h1>\n<h1 style=\"text-align: center; padding-left: 60px;\"><a title=\"Colloque 2009\" href=\"http:\/\/artemoc.scicog.fr\/?page_id=47\">Colloque 2009<\/a><\/h1>\n<h1 style=\"text-align: center; padding-left: 60px;\"><a title=\"Colloque 2008\" href=\"http:\/\/artemoc.scicog.fr\/?page_id=236\">Colloque 2008<\/a><\/h1>\n<h1 style=\"text-align: center; padding-left: 60px;\"><a title=\"Ateliers 2007\" href=\"http:\/\/artemoc.scicog.fr\/?page_id=14\">Ateliers 2007<\/a><\/h1>\n<p>&nbsp;<\/p>\n<div id='Twitter' class='widgets_on_page wop_tiny1  wop_small1  wop_medium1  wop_large1  wop_wide1'>\n\t\t\t<ul><!-- ERROR NO TURBO SIDEBAR FOUND WITH ID Twitter--><\/ul><\/div><!-- widgets_on_page -->\n","protected":false},"excerpt":{"rendered":"<p>Ev\u00e8nements organis\u00e9s par l&#8217;ARTEMOC: S\u00e9minaire 2016 Colloque 2015 Colloque 2009 Colloque 2008 Ateliers 2007 &nbsp;<\/p>\n","protected":false},"author":1,"featured_media":0,"parent":0,"menu_order":0,"comment_status":"closed","ping_status":"open","template":"page-template-fullwidth.php","meta":{"spay_email":""},"jetpack_sharing_enabled":true,"jetpack_shortlink":"https:\/\/wp.me\/P7QpIM-c","jetpack-related-posts":[{"id":14,"url":"https:\/\/artemoc.scicog.fr\/?page_id=14","url_meta":{"origin":12,"position":0},"title":"Ateliers 2007","date":"25\/10\/2012","format":false,"excerpt":"Pr\u00e9sentation Les ateliers 2007 ont \u00e9t\u00e9 la continuation du s\u00e9minaire 2006, qui a abord\u00e9 l\u2019exp\u00e9rience hallucinatoire dans un contexte transdisciplinaire afin de : 1) mieux comprendre sa ph\u00e9nom\u00e9nologie concomitante pr\u00e9cise; 2) \u00e9valuer la validit\u00e9 des arguments \u00e9pist\u00e9mologiques et le bien-fond\u00e9 de certaines postures dans la Th\u00e9orie de la Perception; 3)\u2026","rel":"","context":"Similar post","img":{"alt_text":"","src":"","width":0,"height":0},"classes":[]},{"id":236,"url":"https:\/\/artemoc.scicog.fr\/?page_id=236","url_meta":{"origin":12,"position":1},"title":"Colloque 2008","date":"04\/11\/2012","format":false,"excerpt":"Pr\u00e9sentation Le 1er Colloque de Printemps sur les Hallucinations dans la Philosophie et les Sciences Cognitives s'est tenu du 26 au 29\u00a0 mars 2008, \u00e0\u00a0 Paris. Ce fut un effort collectif non subventionn\u00e9, qui a pu avoir lieu gr\u00e2ce au travail\u00a0 b\u00e9n\u00e9vole de plusieurs volontaires et institutions. Le programme a\u2026","rel":"","context":"Similar post","img":{"alt_text":"","src":"https:\/\/i1.wp.com\/artemoc.scicog.fr\/wp-content\/uploads\/2012\/11\/Colloque2008.jpg?resize=350%2C200","width":350,"height":200},"classes":[]},{"id":2,"url":"https:\/\/artemoc.scicog.fr\/","url_meta":{"origin":12,"position":2},"title":"Bienvenue sur la page de l'ARTEMOC","date":"25\/10\/2012","format":false,"excerpt":"Les \u00e9tats modifi\u00e9s de conscience (EMCs) ont depuis longtemps intrigu\u00e9 philosophes, chercheurs en sciences sociales et scientifiques. La connaissance que nous avons aujourd\u2019hui de ces \u00e9tats reste pourtant tr\u00e8s lacunaire et beaucoup des \u00e9tudes et des th\u00e9ories qui leur sont consacr\u00e9es sont m\u00e9thodologiquement insatisfaisantes et versent souvent dans le paranormal\u2026","rel":"","context":"Similar post","img":{"alt_text":"","src":"","width":0,"height":0},"classes":[]},{"id":47,"url":"https:\/\/artemoc.scicog.fr\/?page_id=47","url_meta":{"origin":12,"position":3},"title":"Colloque 2009","date":"25\/10\/2012","format":false,"excerpt":"Pr\u00e9sentation Pour cette deuxi\u00e8me \u00e9dition du Colloque de printemps sur les hallucinations et les \u00e9tats modifi\u00e9s de conscience (Paris, 8-11 avril 2009), nous avons con\u00e7u un programme qui capitalise les efforts et les r\u00e9sultats des manifestations pr\u00e9c\u00e9dentes, mais qui ouvre aussi sur de nouveaux champs de recherche concernant les \u00e9tats\u2026","rel":"","context":"Similar post","img":{"alt_text":"","src":"","width":0,"height":0},"classes":[]},{"id":413,"url":"https:\/\/artemoc.scicog.fr\/?page_id=413","url_meta":{"origin":12,"position":4},"title":"Colloque 2015","date":"02\/07\/2015","format":false,"excerpt":"Argument Le concept d\u2019hallucination et celui d\u2019\u00e9tat modifi\u00e9 de conscience sont utilis\u00e9s \u00e0 travers de nombreuses disciplines afin de d\u00e9signer un ensemble d\u2019exp\u00e9riences subjectives, de processus mentaux et de comportements auxquels se trouvent confront\u00e9s psychologues, psychiatres, neuroscientifiques, anthropologues ou encore philosophes. De nombreuses voix se sont toutefois \u00e9lev\u00e9es pour mettre\u2026","rel":"","context":"Similar post","img":{"alt_text":"","src":"https:\/\/i2.wp.com\/artemoc.scicog.fr\/wp-content\/uploads\/2015\/07\/Affiche_Colloque_ARTEMOC_2015_LD1-724x1024.jpg?resize=350%2C200","width":350,"height":200},"classes":[]}],"_links":{"self":[{"href":"https:\/\/artemoc.scicog.fr\/index.php?rest_route=\/wp\/v2\/pages\/12"}],"collection":[{"href":"https:\/\/artemoc.scicog.fr\/index.php?rest_route=\/wp\/v2\/pages"}],"about":[{"href":"https:\/\/artemoc.scicog.fr\/index.php?rest_route=\/wp\/v2\/types\/page"}],"author":[{"embeddable":true,"href":"https:\/\/artemoc.scicog.fr\/index.php?rest_route=\/wp\/v2\/users\/1"}],"replies":[{"embeddable":true,"href":"https:\/\/artemoc.scicog.fr\/index.php?rest_route=%2Fwp%2Fv2%2Fcomments&post=12"}],"version-history":[{"count":20,"href":"https:\/\/artemoc.scicog.fr\/index.php?rest_route=\/wp\/v2\/pages\/12\/revisions"}],"predecessor-version":[{"id":545,"href":"https:\/\/artemoc.scicog.fr\/index.php?rest_route=\/wp\/v2\/pages\/12\/revisions\/545"}],"wp:attachment":[{"href":"https:\/\/artemoc.scicog.fr\/index.php?rest_route=%2Fwp%2Fv2%2Fmedia&parent=12"}],"curies":[{"name":"wp","href":"https:\/\/api.w.org\/{rel}","templated":true}]}}

Evènements

<h2 style="text-align: left; padding-left: 30px;">Evènements organisés par l&#8217;ARTEMOC:</h2>
<h1 style="text-align: center; padding-left: 60px;"><a title="Atelier 2016" href="http://artemoc.scicog.fr/?page_id=531">Séminaire 2016</a></h1>
<h1 style="text-align: center; padding-left: 60px;"><a title="Colloque 2015" href="http://artemoc.scicog.fr/?page_id=413">Colloque 2015</a></h1>
<h1 style="text-align: center; padding-left: 60px;"><a title="Colloque 2009" href="http://artemoc.scicog.fr/?page_id=47">Colloque 2009</a></h1>
<h1 style="text-align: center; padding-left: 60px;"><a title="Colloque 2008" href="http://artemoc.scicog.fr/?page_id=236">Colloque 2008</a></h1>
<h1 style="text-align: center; padding-left: 60px;"><a title="Ateliers 2007" href="http://artemoc.scicog.fr/?page_id=14">Ateliers 2007</a></h1>
<p>&nbsp;</p>
<div id='Twitter' class='widgets_on_page wop_tiny1  wop_small1  wop_medium1  wop_large1  wop_wide1'>
			<ul><!-- ERROR NO TURBO SIDEBAR FOUND WITH ID Twitter--></ul></div><!-- widgets_on_page -->

<p>Evènements organisés par l&#8217;ARTEMOC: Séminaire 2016 Colloque 2015 Colloque 2009 Colloque 2008 Ateliers 2007 &nbsp;</p>

Présentation Les ateliers 2007 ont été la continuation du séminaire 2006, qui a abordé l’expérience hallucinatoire dans un contexte transdisciplinaire afin de : 1) mieux comprendre sa phénoménologie concomitante précise; 2) évaluer la validité des arguments épistémologiques et le bien-fondé de certaines postures dans la Théorie de la Perception; 3)…

Présentation Le 1er Colloque de Printemps sur les Hallucinations dans la Philosophie et les Sciences Cognitives s'est tenu du 26 au 29  mars 2008, à  Paris. Ce fut un effort collectif non subventionné, qui a pu avoir lieu grâce au travail  bénévole de plusieurs volontaires et institutions. Le programme a…

Les états modifiés de conscience (EMCs) ont depuis longtemps intrigué philosophes, chercheurs en sciences sociales et scientifiques. La connaissance que nous avons aujourd’hui de ces états reste pourtant très lacunaire et beaucoup des études et des théories qui leur sont consacrées sont méthodologiquement insatisfaisantes et versent souvent dans le paranormal…

Présentation Pour cette deuxième édition du Colloque de printemps sur les hallucinations et les états modifiés de conscience (Paris, 8-11 avril 2009), nous avons conçu un programme qui capitalise les efforts et les résultats des manifestations précédentes, mais qui ouvre aussi sur de nouveaux champs de recherche concernant les états…

Argument Le concept d’hallucination et celui d’état modifié de conscience sont utilisés à travers de nombreuses disciplines afin de désigner un ensemble d’expériences subjectives, de processus mentaux et de comportements auxquels se trouvent confrontés psychologues, psychiatres, neuroscientifiques, anthropologues ou encore philosophes. De nombreuses voix se sont toutefois élevées pour mettre…
